{"id":2559,"date":"2023-08-29T09:41:29","date_gmt":"2023-08-29T07:41:29","guid":{"rendered":"https:\/\/www.lehrmittelverlag.ch\/cms\/?page_id=2559"},"modified":"2023-08-29T09:41:30","modified_gmt":"2023-08-29T07:41:30","slug":"das-neue-suchbuch","status":"publish","type":"page","link":"https:\/\/lizenz.lehrmittelverlag.ch\/cms\/newsletter\/das-neue-suchbuch\/","title":{"rendered":"So entstand das neue Suchbuch"},"content":{"rendered":"","protected":false},"excerpt":{"rendered":"","protected":false},"author":3,"featured_media":0,"parent":243,"menu_order":6,"comment_status":"closed","ping_status":"closed","template":"","meta":{"_acf_changed":false,"inline_featured_image":false,"footnotes":""},"class_list":["post-2559","page","type-page","status-publish","hentry"],"acf":{"inhaltselemente":[{"acf_fc_layout":"text_element","text_element_titel":"Das neue Suchbuch: vom Wort zur Geschichte","text_element_titel_typ":"2","text_element_titel_size":"","text_element_titel_fake":false,"text_element_titel_icon":"","text_element_content":"<div class=\"cms-element-title-seo\">\r\n<div class=\"cms-element-title-seo__title-block\">\r\n<div class=\"row\">\r\n<div class=\"cms-element-title-seo__title-block__text col\">\r\n<div class=\"cms-element-title-seo__title-block__text__heading\">\r\n<p class=\"title\"><strong><em style=\"font-size: 16px;\">Wie entstand das neue Suchbuch und welche neuen Einsatzm\u00f6glichkeiten bietet das Lehrmittel f\u00fcr den Deutschunterricht in der 1. und 2. Klasse, DaZ und den heilp\u00e4dagogischen Unterricht?<\/em><\/strong><\/p>\r\n\r\n<\/div>\r\n<\/div>\r\n<\/div>\r\n<\/div>\r\n<\/div>\r\n<div class=\"cms-element-text-seo__text-block\">\r\n\r\n2010 wurde zum ersten Mal gewimmelt. Das Suchbuch begeisterte Lehrpersonen und ihre Klassen in der Deutschschweiz mit 20 Wimmelbildern aus dem Schulalltag und der Lebenswelt von Kindern. Seither hat sich einiges ver\u00e4ndert. Zwar sind die dargestellten Themen ebenso aktuell und zeitgem\u00e4ss wie vor 13 Jahren, aber der Wortschatzunterricht ist inzwischen vernetzter und die Welt digitaler geworden. Das alte Suchbuch brauchte ein Update.\r\n\r\n[caption id=\"attachment_2409\" align=\"alignnone\" width=\"1024\"]<img class=\"wp-image-2409 size-large\" src=\"https:\/\/www.lehrmittelverlag.ch\/cms\/wp-content\/uploads\/2023\/08\/Autorenteam_Suchbuch_1-1024x577.jpg\" alt=\"Autorenteam Suchbuch\" width=\"1024\" height=\"577\" \/> v.l.n.r.: Roger H\u00e4ubi, Ladina Limacher, Achim Arn und Elisabeth Potztal-Hug.[\/caption]\r\n\r\nEin Jahr lang setzte sich das Autorenteam intensiv mit der Neuumsetzung auseinander. F\u00fcr Ladina Limacher, Elisabeth Potztal-Hug und Roger H\u00e4ubi war dabei von Anfang an klar, dass sich das Suchbuch nicht l\u00e4nger nur auf die Wortebene beschr\u00e4nken durfte. Neben Satz\u00fcbungen sollten auch kleinere Texte und Dialoganregungen dabei helfen, die Sprachkompetenzen der Unterstufen-Kinder nach Lehrplan 21 umfassend aufzubauen. Hier kam soundolino-Erfinder Achim Arn ins Spiel, der die Neuumsetzung fachlich begleitete und seine Erfahrung mit H\u00f6rprodukten beisteuerte. So erweitern neu Soundsticker \u2013 kompatibel f\u00fcr Tiptoi\u00ae-H\u00f6rstifte \u2013 das Suchbuch mit 80 spannenden H\u00f6rgeschichten.\r\n\r\nDiese wurden von den Sprechprofis Robert Laber und Isabel Florido der Sprecher Agentur vertont.\r\n\r\n<a class=\"btn-arrow\" href=\"https:\/\/www.lehrmittelverlag.ch\/cms\/wp-content\/uploads\/2023\/08\/Suchbuch-Hoerbeispiel_Teddy.mp3\" target=\"_blank\" rel=\"noopener\">Und so h\u00f6rt sich das an.<\/a>\r\n\r\n<\/div>","text_element_bgcolor":false,"text_element_text_size":"default"},{"acf_fc_layout":"text_img_element","text_element_titel":"Suchbuch","text_element_titel_typ":"2","text_element_titel_size":"","text_element_titel_fake":false,"text_element_content":"<p class=\"paragraph-noserif\"><strong>Deutsch \/ DaZ<\/strong>\r\n<strong>Primarstufe 1. \u2013 2. Klasse<\/strong><\/p>\r\nDas beliebte Wortschatzlehrmittel wurde auf Satz- und Geschichtenebene erweitert und erscheint neu als Arbeitsheft f\u00fcr Sch\u00fclerinnen und Sch\u00fcler. Das Suchbuch f\u00fcr die 1. und 2. Klasse steckt voller alltagsnaher Wimmelbilder, spannender H\u00f6rgeschichten und differenzierter Schreib- und Sprechanl\u00e4sse. Ideal f\u00fcr den Einsatz im Deutschunterricht, DaZ und heilp\u00e4dagogischen Unterricht! Das Sch\u00fclerheft inklusive Soundsticker \u2013 kompatibel f\u00fcr Tiptoi\u00ae-Stifte \u2013 ist jetzt\u00a0erh\u00e4ltlich.\r\n\r\n<a class=\"btn-arrow\" href=\"https:\/\/www.lehrmittelverlag.ch\/suchbuch-schuelerheft-mit-soundsticker\/1061300\" target=\"_blank\" rel=\"noopener\">Zum Shop<\/a>","image_element_image_element_image":2474,"image_element_image_element_lightbox":false,"events_element_type_category_events_element_type_category":[],"events_element_topic_category_events_element_topic_category":[],"events_element_amount_events_element_amount":"","text_element_text_size":"default","text_img_element_spaltenbreite":"two-third-one-third","text_img_element_orientation":"default","text_img_element_bgcolor":true},{"acf_fc_layout":"text_element","text_element_titel":"","text_element_titel_typ":"2","text_element_titel_size":"","text_element_titel_fake":false,"text_element_titel_icon":"","text_element_content":"<strong>Differenzierung\r\n<\/strong>Die Geschichten bieten dank zwei Sprachniveaus und motivierenden Gespr\u00e4chsimpulsen die ideale Grundlage f\u00fcr individuelle Differenzierungs- und F\u00f6rderaufgaben im Deutschunterricht. So k\u00f6nnen sich Kinder verschiedener Niveauklassen \u00fcber das Geh\u00f6rte gemeinsam austauschen oder die Geschichten in ihrem Tempo immer wieder anh\u00f6ren, um ihr Sprachverst\u00e4ndnis auszubauen \u2013 dank H\u00f6rstift auch zuhause. Wer ohne Sti\u00adfte und Sticker arbeiten m\u00f6chte, dem stehen die Geschichten im Lehrpersonenkommentar zum Vorlesen zur Verf\u00fcgung.\r\n\r\nDas neue Suchbuch ist dank der Sprachniveaus individualisierter und wird zum pers\u00f6nlichen Verbrauchsmaterial. Jede zweite Doppelseite im Arbeitsheft bietet Platz f\u00fcr Schreib\u00fcbungen von ausgew\u00e4hlten S\u00e4tzen mit Szenen aus den Wimmelbildern. Es darf unterstrichen, markiert und nat\u00fcrlich geschrieben werden.\r\n\r\n<strong>Vom Walkman zum Tablet\r\n<\/strong>Wer ganz genau hinsieht, entdeckt auch in den 20 Wimmelbildern die eine oder andere kleine Anpassung. Illustratorin Doris Lecher malte die urspr\u00fcnglichen Bilder von Hand und digitalisierte f\u00fcr die \u00dcberarbeitung nun einzelne Wimmelbilder, um beispielsweise CD-H\u00fcllen durch Spielkarten und Heftchen zu ersetzen. Auch der Walkman im Kinderzimmer musste einem Tablet weichen. Und auf einem Parkplatz in der Stadt wird neu ein Elektroauto betankt.\r\n\r\n<img class=\"alignnone wp-image-2413 size-large\" src=\"https:\/\/www.lehrmittelverlag.ch\/cms\/wp-content\/uploads\/2023\/08\/Suchbuch_Ausschnitt-Wimmelbild-1024x558.jpg\" sizes=\"(max-width: 624px) 100vw, 624px\" srcset=\"https:\/\/www.lehrmittelverlag.ch\/cms\/wp-content\/uploads\/2023\/08\/Suchbuch_Ausschnitt-Wimmelbild-1024x558.jpg 1024w, https:\/\/www.lehrmittelverlag.ch\/cms\/wp-content\/uploads\/2023\/08\/Suchbuch_Ausschnitt-Wimmelbild-300x163.jpg 300w, https:\/\/www.lehrmittelverlag.ch\/cms\/wp-content\/uploads\/2023\/08\/Suchbuch_Ausschnitt-Wimmelbild-768x418.jpg 768w, https:\/\/www.lehrmittelverlag.ch\/cms\/wp-content\/uploads\/2023\/08\/Suchbuch_Ausschnitt-Wimmelbild-1536x836.jpg 1536w, https:\/\/www.lehrmittelverlag.ch\/cms\/wp-content\/uploads\/2023\/08\/Suchbuch_Ausschnitt-Wimmelbild-325x177.jpg 325w, https:\/\/www.lehrmittelverlag.ch\/cms\/wp-content\/uploads\/2023\/08\/Suchbuch_Ausschnitt-Wimmelbild-1263x688.jpg 1263w, https:\/\/www.lehrmittelverlag.ch\/cms\/wp-content\/uploads\/2023\/08\/Suchbuch_Ausschnitt-Wimmelbild-620x338.jpg 620w, https:\/\/www.lehrmittelverlag.ch\/cms\/wp-content\/uploads\/2023\/08\/Suchbuch_Ausschnitt-Wimmelbild-330x180.jpg 330w, https:\/\/www.lehrmittelverlag.ch\/cms\/wp-content\/uploads\/2023\/08\/Suchbuch_Ausschnitt-Wimmelbild-422x230.jpg 422w, https:\/\/www.lehrmittelverlag.ch\/cms\/wp-content\/uploads\/2023\/08\/Suchbuch_Ausschnitt-Wimmelbild-572x311.jpg 572w, https:\/\/www.lehrmittelverlag.ch\/cms\/wp-content\/uploads\/2023\/08\/Suchbuch_Ausschnitt-Wimmelbild-834x454.jpg 834w, https:\/\/www.lehrmittelverlag.ch\/cms\/wp-content\/uploads\/2023\/08\/Suchbuch_Ausschnitt-Wimmelbild-950x517.jpg 950w, https:\/\/www.lehrmittelverlag.ch\/cms\/wp-content\/uploads\/2023\/08\/Suchbuch_Ausschnitt-Wimmelbild-390x212.jpg 390w, https:\/\/www.lehrmittelverlag.ch\/cms\/wp-content\/uploads\/2023\/08\/Suchbuch_Ausschnitt-Wimmelbild-230x125.jpg 230w, https:\/\/www.lehrmittelverlag.ch\/cms\/wp-content\/uploads\/2023\/08\/Suchbuch_Ausschnitt-Wimmelbild-680x370.jpg 680w, https:\/\/www.lehrmittelverlag.ch\/cms\/wp-content\/uploads\/2023\/08\/Suchbuch_Ausschnitt-Wimmelbild-490x267.jpg 490w, https:\/\/www.lehrmittelverlag.ch\/cms\/wp-content\/uploads\/2023\/08\/Suchbuch_Ausschnitt-Wimmelbild-805x438.jpg 805w, https:\/\/www.lehrmittelverlag.ch\/cms\/wp-content\/uploads\/2023\/08\/Suchbuch_Ausschnitt-Wimmelbild.jpg 1594w\" alt=\"Suchbuch Elektroauto tanken\" width=\"1024\" height=\"558\" \/>\r\n\r\n<strong>Online-Suchspiel\r\n<\/strong>Ein wichtiger Bestandteil des bestehenden Lehrmittels waren die Lernaufgaben auf einer CD-ROM. Das auf Flashplayer basierte Programm wurde nicht mehr unterst\u00fctzt, weshalb der Lehrmittelverlag St.Gallen die \u00dcbungen und Inhalte seit Herbst 2022 als kostenloses Online-Suchspiel f\u00fcr Sch\u00fclerinnen und Sch\u00fcler zur Verf\u00fcgung stellt. Auf suchbuch.ch lernen Sch\u00fclerinnen und Sch\u00fcler in f\u00fcnf \u00dcbungsmodi Dinge und ihre genaue Bezeichnung genauer kennen, h\u00f6ren, lesen und ordnen W\u00f6rter oder Ger\u00e4usche den Abbildungen zu. Das Online-Suchspiel l\u00e4sst sich \u2013 dank sprachlicher Anweisungen \u2013 je nach \u00dcbungsmodus auch ohne Lese- und Schreibf\u00e4higkeiten vom ersten Schultag an einsetzen.\r\n\r\nUm die \u00dcbungen auf eine webbasierte Plattform zu bringen und auch f\u00fcr Tablets spielbar zu machen, wurden s\u00e4mtliche Modi neu programmiert, das Design aufgefrischt und die Erfolgskontrolle mit Gamification-Elementen erweitert. W\u00e4hrend einer aufw\u00e4ndigen Kontrollphase auf der Suche nach Fehlern entdeckte das Projektteam dabei auch die eine oder andere witzige Stelle, wie zum Beispiel diese schnatternde Ziege:\r\n\r\n<img class=\"alignnone wp-image-2414 size-full\" src=\"https:\/\/www.lehrmittelverlag.ch\/cms\/wp-content\/uploads\/2023\/08\/Suchbuch_Fail.jpg\" sizes=\"(max-width: 447px) 100vw, 447px\" srcset=\"https:\/\/www.lehrmittelverlag.ch\/cms\/wp-content\/uploads\/2023\/08\/Suchbuch_Fail.jpg 447w, https:\/\/www.lehrmittelverlag.ch\/cms\/wp-content\/uploads\/2023\/08\/Suchbuch_Fail-300x245.jpg 300w, https:\/\/www.lehrmittelverlag.ch\/cms\/wp-content\/uploads\/2023\/08\/Suchbuch_Fail-325x265.jpg 325w, https:\/\/www.lehrmittelverlag.ch\/cms\/wp-content\/uploads\/2023\/08\/Suchbuch_Fail-330x269.jpg 330w, https:\/\/www.lehrmittelverlag.ch\/cms\/wp-content\/uploads\/2023\/08\/Suchbuch_Fail-422x345.jpg 422w, https:\/\/www.lehrmittelverlag.ch\/cms\/wp-content\/uploads\/2023\/08\/Suchbuch_Fail-390x318.jpg 390w, https:\/\/www.lehrmittelverlag.ch\/cms\/wp-content\/uploads\/2023\/08\/Suchbuch_Fail-230x188.jpg 230w\" alt=\"Suchbuch schnatternde Ziege \" width=\"447\" height=\"365\" \/>\r\n\r\n<strong>Lehrpersonenkommentar und Zusatzmaterial\r\n<\/strong>Mit dem Erscheinen des Arbeitshefts wird die Online-Plattform mit einem Bereich f\u00fcr Lehrpersonen erg\u00e4nzt. Neben dem Lehrpersonenkommentar finden sich hier auch Inspirationen f\u00fcr den Einsatz im Unterricht, Zusatzmaterial zum Download und die M\u00f6glichkeit, Wimmelbilder vergr\u00f6ssert anzuzeigen. Die Passw\u00f6rter f\u00fcrs Online-Suchspiel und f\u00fcr den Lehrpersonenkommentar stehen im Impressum des Suchbuchs. Jetzt reinst\u00f6bern!\r\n\r\n<a class=\"btn-arrow--up\" href=\"https:\/\/www.suchbuch.ch\/\" target=\"_blank\" rel=\"noopener\">Zum Lehrpersonenkommentar<\/a>","text_element_bgcolor":false,"text_element_text_size":"default"}]},"yoast_head":"<!-- This site is optimized with the Yoast SEO plugin v27.2 - https:\/\/yoast.com\/product\/yoast-seo-wordpress\/ -->\n<title>So entstand das neue Suchbuch - Lehrmittelverlag St. Gallen<\/title>\n<meta name=\"description\" content=\"Wie entstand das neue Suchbuch f\u00fcr den Deutschunterricht in der 1. und 2. Klasse, DaZ und den heilp\u00e4dagogischen Unterricht?\" \/>\n<meta name=\"robots\" content=\"index, follow, max-snippet:-1, max-image-preview:large, max-video-preview:-1\" \/>\n<link rel=\"canonical\" href=\"https:\/\/lizenz.lehrmittelverlag.ch\/cms\/newsletter\/das-neue-suchbuch\/\" \/>\n<meta property=\"og:locale\" content=\"de_DE\" \/>\n<meta property=\"og:type\" content=\"article\" \/>\n<meta property=\"og:title\" content=\"So entstand das neue Suchbuch - Lehrmittelverlag St. Gallen\" \/>\n<meta property=\"og:description\" content=\"Wie entstand das neue Suchbuch f\u00fcr den Deutschunterricht in der 1. und 2. Klasse, DaZ und den heilp\u00e4dagogischen Unterricht?\" \/>\n<meta property=\"og:url\" content=\"https:\/\/lizenz.lehrmittelverlag.ch\/cms\/newsletter\/das-neue-suchbuch\/\" \/>\n<meta property=\"og:site_name\" content=\"Lehrmittelverlag St. Gallen\" \/>\n<meta property=\"article:publisher\" content=\"https:\/\/www.facebook.com\/LehrmittelverlagSG\/\" \/>\n<meta property=\"article:modified_time\" content=\"2023-08-29T07:41:30+00:00\" \/>\n<meta property=\"og:image\" content=\"https:\/\/lizenz.lehrmittelverlag.ch\/cms\/wp-content\/uploads\/2022\/11\/og-image-lmvsg.png\" \/>\n\t<meta property=\"og:image:width\" content=\"1200\" \/>\n\t<meta property=\"og:image:height\" content=\"630\" \/>\n\t<meta property=\"og:image:type\" content=\"image\/png\" \/>\n<meta name=\"twitter:card\" content=\"summary_large_image\" \/>\n<meta name=\"twitter:site\" content=\"@Lehrmittel_SG\" \/>\n<script type=\"application\/ld+json\" class=\"yoast-schema-graph\">{\"@context\":\"https:\/\/schema.org\",\"@graph\":[{\"@type\":\"WebPage\",\"@id\":\"https:\/\/lizenz.lehrmittelverlag.ch\/cms\/newsletter\/das-neue-suchbuch\/\",\"url\":\"https:\/\/lizenz.lehrmittelverlag.ch\/cms\/newsletter\/das-neue-suchbuch\/\",\"name\":\"So entstand das neue Suchbuch - Lehrmittelverlag St. Gallen\",\"isPartOf\":{\"@id\":\"https:\/\/www.lehrmittelverlag.ch\/cms\/#website\"},\"datePublished\":\"2023-08-29T07:41:29+00:00\",\"dateModified\":\"2023-08-29T07:41:30+00:00\",\"description\":\"Wie entstand das neue Suchbuch f\u00fcr den Deutschunterricht in der 1. und 2. Klasse, DaZ und den heilp\u00e4dagogischen Unterricht?\",\"breadcrumb\":{\"@id\":\"https:\/\/lizenz.lehrmittelverlag.ch\/cms\/newsletter\/das-neue-suchbuch\/#breadcrumb\"},\"inLanguage\":\"de-CH\",\"potentialAction\":[{\"@type\":\"ReadAction\",\"target\":[\"https:\/\/lizenz.lehrmittelverlag.ch\/cms\/newsletter\/das-neue-suchbuch\/\"]}]},{\"@type\":\"BreadcrumbList\",\"@id\":\"https:\/\/lizenz.lehrmittelverlag.ch\/cms\/newsletter\/das-neue-suchbuch\/#breadcrumb\",\"itemListElement\":[{\"@type\":\"ListItem\",\"position\":1,\"name\":\"Shop\",\"item\":\"\/\"},{\"@type\":\"ListItem\",\"position\":2,\"name\":\"Newsletter\",\"item\":\"https:\/\/www.lehrmittelverlag.ch\/cms\/newsletter\/\"},{\"@type\":\"ListItem\",\"position\":3,\"name\":\"So entstand das neue Suchbuch\"}]},{\"@type\":\"WebSite\",\"@id\":\"https:\/\/www.lehrmittelverlag.ch\/cms\/#website\",\"url\":\"https:\/\/www.lehrmittelverlag.ch\/cms\/\",\"name\":\"Lehrmittelverlag St. Gallen\",\"description\":\"\",\"publisher\":{\"@id\":\"https:\/\/www.lehrmittelverlag.ch\/cms\/#organization\"},\"potentialAction\":[{\"@type\":\"SearchAction\",\"target\":{\"@type\":\"EntryPoint\",\"urlTemplate\":\"https:\/\/www.lehrmittelverlag.ch\/cms\/?s={search_term_string}\"},\"query-input\":{\"@type\":\"PropertyValueSpecification\",\"valueRequired\":true,\"valueName\":\"search_term_string\"}}],\"inLanguage\":\"de-CH\"},{\"@type\":\"Organization\",\"@id\":\"https:\/\/www.lehrmittelverlag.ch\/cms\/#organization\",\"name\":\"Lehrmittelverlag St. Gallen\",\"url\":\"https:\/\/www.lehrmittelverlag.ch\/cms\/\",\"logo\":{\"@type\":\"ImageObject\",\"inLanguage\":\"de-CH\",\"@id\":\"https:\/\/www.lehrmittelverlag.ch\/cms\/#\/schema\/logo\/image\/\",\"url\":\"https:\/\/www.lehrmittelverlag.ch\/cms\/wp-content\/uploads\/2022\/11\/logo-lmvsg.png\",\"contentUrl\":\"https:\/\/www.lehrmittelverlag.ch\/cms\/wp-content\/uploads\/2022\/11\/logo-lmvsg.png\",\"width\":899,\"height\":349,\"caption\":\"Lehrmittelverlag St. Gallen\"},\"image\":{\"@id\":\"https:\/\/www.lehrmittelverlag.ch\/cms\/#\/schema\/logo\/image\/\"},\"sameAs\":[\"https:\/\/www.facebook.com\/LehrmittelverlagSG\/\",\"https:\/\/x.com\/Lehrmittel_SG\"]}]}<\/script>\n<!-- \/ Yoast SEO plugin. -->","yoast_head_json":{"title":"So entstand das neue Suchbuch - Lehrmittelverlag St. Gallen","description":"Wie entstand das neue Suchbuch f\u00fcr den Deutschunterricht in der 1. und 2. Klasse, DaZ und den heilp\u00e4dagogischen Unterricht?","robots":{"index":"index","follow":"follow","max-snippet":"max-snippet:-1","max-image-preview":"max-image-preview:large","max-video-preview":"max-video-preview:-1"},"canonical":"https:\/\/lizenz.lehrmittelverlag.ch\/cms\/newsletter\/das-neue-suchbuch\/","og_locale":"de_DE","og_type":"article","og_title":"So entstand das neue Suchbuch - Lehrmittelverlag St. Gallen","og_description":"Wie entstand das neue Suchbuch f\u00fcr den Deutschunterricht in der 1. und 2. Klasse, DaZ und den heilp\u00e4dagogischen Unterricht?","og_url":"https:\/\/lizenz.lehrmittelverlag.ch\/cms\/newsletter\/das-neue-suchbuch\/","og_site_name":"Lehrmittelverlag St. Gallen","article_publisher":"https:\/\/www.facebook.com\/LehrmittelverlagSG\/","article_modified_time":"2023-08-29T07:41:30+00:00","og_image":[{"width":1200,"height":630,"url":"https:\/\/lizenz.lehrmittelverlag.ch\/cms\/wp-content\/uploads\/2022\/11\/og-image-lmvsg.png","type":"image\/png"}],"twitter_card":"summary_large_image","twitter_site":"@Lehrmittel_SG","schema":{"@context":"https:\/\/schema.org","@graph":[{"@type":"WebPage","@id":"https:\/\/lizenz.lehrmittelverlag.ch\/cms\/newsletter\/das-neue-suchbuch\/","url":"https:\/\/lizenz.lehrmittelverlag.ch\/cms\/newsletter\/das-neue-suchbuch\/","name":"So entstand das neue Suchbuch - Lehrmittelverlag St. Gallen","isPartOf":{"@id":"https:\/\/www.lehrmittelverlag.ch\/cms\/#website"},"datePublished":"2023-08-29T07:41:29+00:00","dateModified":"2023-08-29T07:41:30+00:00","description":"Wie entstand das neue Suchbuch f\u00fcr den Deutschunterricht in der 1. und 2. Klasse, DaZ und den heilp\u00e4dagogischen Unterricht?","breadcrumb":{"@id":"https:\/\/lizenz.lehrmittelverlag.ch\/cms\/newsletter\/das-neue-suchbuch\/#breadcrumb"},"inLanguage":"de-CH","potentialAction":[{"@type":"ReadAction","target":["https:\/\/lizenz.lehrmittelverlag.ch\/cms\/newsletter\/das-neue-suchbuch\/"]}]},{"@type":"BreadcrumbList","@id":"https:\/\/lizenz.lehrmittelverlag.ch\/cms\/newsletter\/das-neue-suchbuch\/#breadcrumb","itemListElement":[{"@type":"ListItem","position":1,"name":"Shop","item":"\/"},{"@type":"ListItem","position":2,"name":"Newsletter","item":"https:\/\/www.lehrmittelverlag.ch\/cms\/newsletter\/"},{"@type":"ListItem","position":3,"name":"So entstand das neue Suchbuch"}]},{"@type":"WebSite","@id":"https:\/\/www.lehrmittelverlag.ch\/cms\/#website","url":"https:\/\/www.lehrmittelverlag.ch\/cms\/","name":"Lehrmittelverlag St. Gallen","description":"","publisher":{"@id":"https:\/\/www.lehrmittelverlag.ch\/cms\/#organization"},"potentialAction":[{"@type":"SearchAction","target":{"@type":"EntryPoint","urlTemplate":"https:\/\/www.lehrmittelverlag.ch\/cms\/?s={search_term_string}"},"query-input":{"@type":"PropertyValueSpecification","valueRequired":true,"valueName":"search_term_string"}}],"inLanguage":"de-CH"},{"@type":"Organization","@id":"https:\/\/www.lehrmittelverlag.ch\/cms\/#organization","name":"Lehrmittelverlag St. Gallen","url":"https:\/\/www.lehrmittelverlag.ch\/cms\/","logo":{"@type":"ImageObject","inLanguage":"de-CH","@id":"https:\/\/www.lehrmittelverlag.ch\/cms\/#\/schema\/logo\/image\/","url":"https:\/\/www.lehrmittelverlag.ch\/cms\/wp-content\/uploads\/2022\/11\/logo-lmvsg.png","contentUrl":"https:\/\/www.lehrmittelverlag.ch\/cms\/wp-content\/uploads\/2022\/11\/logo-lmvsg.png","width":899,"height":349,"caption":"Lehrmittelverlag St. Gallen"},"image":{"@id":"https:\/\/www.lehrmittelverlag.ch\/cms\/#\/schema\/logo\/image\/"},"sameAs":["https:\/\/www.facebook.com\/LehrmittelverlagSG\/","https:\/\/x.com\/Lehrmittel_SG"]}]}},"_links":{"self":[{"href":"https:\/\/lizenz.lehrmittelverlag.ch\/cms\/wp-json\/wp\/v2\/pages\/2559","targetHints":{"allow":["GET"]}}],"collection":[{"href":"https:\/\/lizenz.lehrmittelverlag.ch\/cms\/wp-json\/wp\/v2\/pages"}],"about":[{"href":"https:\/\/lizenz.lehrmittelverlag.ch\/cms\/wp-json\/wp\/v2\/types\/page"}],"author":[{"embeddable":true,"href":"https:\/\/lizenz.lehrmittelverlag.ch\/cms\/wp-json\/wp\/v2\/users\/3"}],"replies":[{"embeddable":true,"href":"https:\/\/lizenz.lehrmittelverlag.ch\/cms\/wp-json\/wp\/v2\/comments?post=2559"}],"version-history":[{"count":23,"href":"https:\/\/lizenz.lehrmittelverlag.ch\/cms\/wp-json\/wp\/v2\/pages\/2559\/revisions"}],"predecessor-version":[{"id":2585,"href":"https:\/\/lizenz.lehrmittelverlag.ch\/cms\/wp-json\/wp\/v2\/pages\/2559\/revisions\/2585"}],"up":[{"embeddable":true,"href":"https:\/\/lizenz.lehrmittelverlag.ch\/cms\/wp-json\/wp\/v2\/pages\/243"}],"wp:attachment":[{"href":"https:\/\/lizenz.lehrmittelverlag.ch\/cms\/wp-json\/wp\/v2\/media?parent=2559"}],"curies":[{"name":"wp","href":"https:\/\/api.w.org\/{rel}","templated":true}]}}